{"id":1680,"date":"2020-06-11T20:32:17","date_gmt":"2020-06-11T21:32:17","guid":{"rendered":"https:\/\/loftsazulpastel.com\/ementa\/?post_type=product&#038;p=1680"},"modified":"2025-01-05T13:30:47","modified_gmt":"2025-01-05T14:30:47","slug":"corisca-bacon-cheese-burger-com-ananas","status":"publish","type":"product","link":"https:\/\/loftsazulpastel.com\/ementa\/produto\/corisca-bacon-cheese-burger-com-ananas\/","title":{"rendered":"Corisca Bacon Cheese Burger com Anan\u00e1s"},"content":{"rendered":"<p>Corisca Bacon Cheese Burger \u00e9\u00a0 composto por bife de novilho, queijo prato da nossa ilha, bacon e uma rodela de Anan\u00e1s dos A\u00e7ores para al\u00e9m do molho da casa, salada fresca e cebola caramelizada, acompanhada por batata frita caseira.<\/p>\n","protected":false},"excerpt":{"rendered":"<p>Corisca Bacon Cheese Burger \u00e9\u00a0 composto por bife de novilho, queijo prato da nossa ilha, bacon e uma rodela de Anan\u00e1s dos A\u00e7ores para al\u00e9m do molho da casa, salada fresca e cebola caramelizada, acompanhada por batata frita caseira.<\/p>\n","protected":false},"featured_media":1681,"comment_status":"open","ping_status":"closed","template":"","meta":[],"product_cat":[88],"product_tag":[],"class_list":{"0":"post-1680","1":"product","2":"type-product","3":"status-publish","4":"has-post-thumbnail","6":"product_cat-hamburgers","7":"exwoofood_loc-angustias","9":"first","10":"instock","11":"shipping-taxable","12":"purchasable","13":"product-type-simple"},"_links":{"self":[{"href":"https:\/\/loftsazulpastel.com\/ementa\/wp-json\/wp\/v2\/product\/1680"}],"collection":[{"href":"https:\/\/loftsazulpastel.com\/ementa\/wp-json\/wp\/v2\/product"}],"about":[{"href":"https:\/\/loftsazulpastel.com\/ementa\/wp-json\/wp\/v2\/types\/product"}],"replies":[{"embeddable":true,"href":"https:\/\/loftsazulpastel.com\/ementa\/wp-json\/wp\/v2\/comments?post=1680"}],"wp:featuredmedia":[{"embeddable":true,"href":"https:\/\/loftsazulpastel.com\/ementa\/wp-json\/wp\/v2\/media\/1681"}],"wp:attachment":[{"href":"https:\/\/loftsazulpastel.com\/ementa\/wp-json\/wp\/v2\/media?parent=1680"}],"wp:term":[{"taxonomy":"product_cat","embeddable":true,"href":"https:\/\/loftsazulpastel.com\/ementa\/wp-json\/wp\/v2\/product_cat?post=1680"},{"taxonomy":"product_tag","embeddable":true,"href":"https:\/\/loftsazulpastel.com\/ementa\/wp-json\/wp\/v2\/product_tag?post=1680"}],"curies":[{"name":"wp","href":"https:\/\/api.w.org\/{rel}","templated":true}]}}