{"id":1557,"date":"2020-06-11T17:25:52","date_gmt":"2020-06-11T17:25:52","guid":{"rendered":"https:\/\/loftsazulpastel.com\/ementa\/?post_type=product&#038;p=1557"},"modified":"2020-06-11T17:25:53","modified_gmt":"2020-06-11T17:25:53","slug":"johnnie-walker-red-label","status":"publish","type":"product","link":"https:\/\/loftsazulpastel.com\/ementa\/produto\/johnnie-walker-red-label\/","title":{"rendered":"Johnnie Walker Red Label"},"content":{"rendered":"<p>A combina\u00e7\u00e3o de 35 whiskies d\u00e1-lhe um car\u00e1cter encorpado e robusto, com uma cor profunda. Tem uma textura sedosa e um travo a fumo.<\/p>\n<p>Fundado em 1820 na Esc\u00f3cia, pelo ent\u00e3o adolescente John Walker, que tinha apenas 15 anos de idade. A garrafa quadrada, que ainda hoje se mant\u00e9m, data dessa altura. Passados quase 200 anos, JOHNNIE WALKER \u00e9 o whisky mais vendido no mundo.<\/p>\n","protected":false},"excerpt":{"rendered":"<p>A combina\u00e7\u00e3o de 35 whiskies d\u00e1-lhe um car\u00e1cter encorpado e robusto, com uma cor profunda. Tem uma textura sedosa e um travo a fumo. Fundado em 1820 na Esc\u00f3cia, pelo ent\u00e3o adolescente John Walker, que tinha apenas 15 anos de idade. A garrafa quadrada, que ainda hoje se mant\u00e9m, data dessa altura. Passados quase 200 [&hellip;]<\/p>\n","protected":false},"featured_media":1558,"comment_status":"open","ping_status":"closed","template":"","meta":[],"product_cat":[98,104],"product_tag":[],"class_list":{"0":"post-1557","1":"product","2":"type-product","3":"status-publish","4":"has-post-thumbnail","6":"product_cat-bebidas","7":"product_cat-whiskey","8":"exwoofood_loc-angustias","10":"first","11":"instock","12":"shipping-taxable","13":"purchasable","14":"product-type-simple"},"_links":{"self":[{"href":"https:\/\/loftsazulpastel.com\/ementa\/wp-json\/wp\/v2\/product\/1557"}],"collection":[{"href":"https:\/\/loftsazulpastel.com\/ementa\/wp-json\/wp\/v2\/product"}],"about":[{"href":"https:\/\/loftsazulpastel.com\/ementa\/wp-json\/wp\/v2\/types\/product"}],"replies":[{"embeddable":true,"href":"https:\/\/loftsazulpastel.com\/ementa\/wp-json\/wp\/v2\/comments?post=1557"}],"wp:featuredmedia":[{"embeddable":true,"href":"https:\/\/loftsazulpastel.com\/ementa\/wp-json\/wp\/v2\/media\/1558"}],"wp:attachment":[{"href":"https:\/\/loftsazulpastel.com\/ementa\/wp-json\/wp\/v2\/media?parent=1557"}],"wp:term":[{"taxonomy":"product_cat","embeddable":true,"href":"https:\/\/loftsazulpastel.com\/ementa\/wp-json\/wp\/v2\/product_cat?post=1557"},{"taxonomy":"product_tag","embeddable":true,"href":"https:\/\/loftsazulpastel.com\/ementa\/wp-json\/wp\/v2\/product_tag?post=1557"}],"curies":[{"name":"wp","href":"https:\/\/api.w.org\/{rel}","templated":true}]}}