{"id":1428,"date":"2020-06-09T15:40:46","date_gmt":"2020-06-09T15:40:46","guid":{"rendered":"https:\/\/loftsazulpastel.com\/ementa\/checkout\/"},"modified":"2020-06-11T18:20:52","modified_gmt":"2020-06-11T18:20:52","slug":"checkout-2","status":"publish","type":"page","link":"https:\/\/loftsazulpastel.com\/ementa\/checkout-2\/","title":{"rendered":"Pedidos via ED Desativados"},"content":{"rendered":"\n<div style=\"height:100px\" aria-hidden=\"true\" class=\"wp-block-spacer\"><\/div>\n\n\n\n<h2 class=\"has-text-align-center wp-block-heading\">Pedidos via ED Desativados<\/h2>\n\n\n\n<div style=\"height:46px\" aria-hidden=\"true\" class=\"wp-block-spacer\"><\/div>\n\n\n\n<h4 class=\"has-text-align-center wp-block-heading\">N\u00e3o \u00e9 poss\u00edvel neste momento finalizar o pedido via Ementa Digital. Por favor utilize a nossa ementa como cat\u00e1logo e fa\u00e7a, ou mostre o seu pedido diretamente ao funcion\u00e1rio.<\/h4>\n\n\n\n<p class=\"has-text-align-center\">Obrigado por escolher o <strong>Azul Pastel<\/strong><\/p>\n\n\n\n","protected":false},"excerpt":{"rendered":"<p>Pedidos via ED Desativados N\u00e3o \u00e9 poss\u00edvel neste momento finalizar o pedido via Ementa Digital. Por favor utilize a nossa ementa como cat\u00e1logo e fa\u00e7a, ou mostre o seu pedido diretamente ao funcion\u00e1rio. Obrigado por escolher o Azul Pastel<\/p>\n","protected":false},"author":1,"featured_media":0,"parent":0,"menu_order":0,"comment_status":"closed","ping_status":"closed","template":"elementor_header_footer","meta":{"footnotes":""},"class_list":["post-1428","page","type-page","status-publish","hentry"],"_links":{"self":[{"href":"https:\/\/loftsazulpastel.com\/ementa\/wp-json\/wp\/v2\/pages\/1428"}],"collection":[{"href":"https:\/\/loftsazulpastel.com\/ementa\/wp-json\/wp\/v2\/pages"}],"about":[{"href":"https:\/\/loftsazulpastel.com\/ementa\/wp-json\/wp\/v2\/types\/page"}],"author":[{"embeddable":true,"href":"https:\/\/loftsazulpastel.com\/ementa\/wp-json\/wp\/v2\/users\/1"}],"replies":[{"embeddable":true,"href":"https:\/\/loftsazulpastel.com\/ementa\/wp-json\/wp\/v2\/comments?post=1428"}],"version-history":[{"count":0,"href":"https:\/\/loftsazulpastel.com\/ementa\/wp-json\/wp\/v2\/pages\/1428\/revisions"}],"wp:attachment":[{"href":"https:\/\/loftsazulpastel.com\/ementa\/wp-json\/wp\/v2\/media?parent=1428"}],"curies":[{"name":"wp","href":"https:\/\/api.w.org\/{rel}","templated":true}]}}